{"id":17,"date":"2017-01-02T08:36:21","date_gmt":"2017-01-02T05:36:21","guid":{"rendered":"https:\/\/demo.themegrill.com\/flash-default-2\/?page_id=17"},"modified":"2021-01-21T14:52:21","modified_gmt":"2021-01-21T11:52:21","slug":"hakkimizda","status":"publish","type":"page","link":"https:\/\/www.caycilar.com.tr\/index.php\/hakkimizda\/","title":{"rendered":"Hakk\u0131m\u0131zda"},"content":{"rendered":"<div id=\"pl-gb17-69ea0069aaa74\"  class=\"panel-layout\" ><div id=\"pg-gb17-69ea0069aaa74-0\"  class=\"panel-grid panel-no-style\" ><div id=\"pgc-gb17-69ea0069aaa74-0-0\"  class=\"panel-grid-cell\" ><div id=\"panel-gb17-69ea0069aaa74-0-0-0\" class=\"so-panel widget widget_siteorigin-panels-post-content panel-first-child panel-last-child\" data-index=\"0\" ><\/div><\/div><\/div><\/div>\n\n\n<div class=\"wp-block-media-text alignwide has-media-on-the-right is-stacked-on-mobile is-vertically-aligned-top\" style=\"grid-template-columns:auto 25%\"><figure class=\"wp-block-media-text__media\"><img loading=\"lazy\" width=\"150\" height=\"150\" src=\"https:\/\/www.caycilar.com.tr\/wp-content\/uploads\/2020\/08\/caycilar_logo.png\" alt=\"\" class=\"wp-image-756\"\/><\/figure><div class=\"wp-block-media-text__content\">\n<p><strong>\u00c7AYCILAR GIDA ve \u00c7AY SAN. A.\u015e.<\/strong><\/p>\n\n\n\n<p>&nbsp; &nbsp; &nbsp; &nbsp; &nbsp; \u00c7ayc\u0131lar G\u0131da ve \u00c7ay San A.\u015e.&nbsp; 1985&nbsp; y\u0131l\u0131nda&nbsp; 17.000 m2 saha \u00fczerinde kurulmu\u015f olup , 18.000 m2 kapal\u0131 alana sahiptir. En yeni teknolojileri kullanarak siyah \u00e7ay \u00fcretim ve paketleme entegre tesisi olarak hizmet veren \u015firketimiz , 23.000&nbsp; ton\/y\u0131l ya\u015f \u00e7ay i\u015fleme , 4.500&nbsp; ton\/y\u0131l kuru \u00e7ay \u00fcretim , &nbsp; 13.000&nbsp; ton\/y\u0131l paketleme kapasitesi , 125 \u00e7al\u0131\u015fan\u0131 ve 6700 \u00fcreticisiyle sekt\u00f6rde lider bir kurulu\u015ftur.&nbsp;<\/p>\n\n\n\n<p>&nbsp; &nbsp; 35 y\u0131ld\u0131r s\u00fcregelen istikrarl\u0131 \u00fcretimimizde , uzman personelimiz ile tam donan\u0131ml\u0131 fabrika&nbsp; ve&nbsp; laboratuvarlar\u0131nda \u00fcretimin her a\u015famas\u0131nda kontroller yap\u0131larak, sekt\u00f6r\u00fcn en kaliteli \u00fcr\u00fcn\u00fc elde edilmektedir. \u00dcr\u00fcnlerimizin; Y\u0131llard\u0131r de\u011fi\u015fmeyen tad\u0131, demi, aromas\u0131 ve g\u00f6r\u00fcn\u00fcm\u00fc ile \u00e7ay severlerin takdirlerini kazanmaya devam ederken , sat\u0131\u015f\u0131 yap\u0131lan b\u00f6lgelerde potansiyel bir yer edinmi\u015f ve tercih edilen \u00fcr\u00fcnler aras\u0131na girmi\u015ftir . Pazar talebi ve damak zevkine g\u00f6re olu\u015fturulan \u00e7ay harman\u0131, her bir \u00fcr\u00fcn\u00fcn&nbsp; temelini&nbsp; olu\u015fturur.&nbsp; Olu\u015fturulan&nbsp; her&nbsp; bir&nbsp; harman,&nbsp; paketlenmeden&nbsp; \u00f6nce kontrol laboratuvarlar\u0131m\u0131zda kalite kontrol\u00fcnden ge\u00e7irilerek paketlenir ve hizmete sunulur. \u00c7ay\u0131n kalitesini \u00fcretirken iyi \u00e7ay bilinci de olu\u015fturulmaktad\u0131r.<\/p>\n\n\n\n<p>&nbsp; &nbsp; &nbsp; \u015eirketimiz b\u00fcnyesinde, Kalite Y\u00f6netim Sistemi\u2019 nin etkin bir \u015fekilde uygulanmas\u0131 t\u00fcm \u00e7al\u0131\u015fanlar\u0131m\u0131z\u0131n ilkesidir. Amac\u0131m\u0131z; \u00e7al\u0131\u015fanlara, \u00e7evreye ve topluma kar\u015f\u0131 sorumluluk bilinci ile m\u00fc\u015fteri memnuniyeti do\u011frultusunda , AR-GE \u00e7al\u0131\u015fmalar\u0131na yat\u0131r\u0131m yaparak, konusunda s\u00fcrekli olarak e\u011fitilen uzman personellerimiz ile bilim, teknoloji, kalite ve yasal \u015fartlardan \u00f6d\u00fcn vermeden \u00fcr\u00fcn kalitesi ve hizmet sunumuyla ulusal ve uluslararas\u0131 markala\u015fmakt\u0131r.<\/p>\n\n\n\n<p>&nbsp; &nbsp; &nbsp; &nbsp; Sayg\u0131lar\u0131m\u0131zla<\/p>\n\n\n\n<p><\/p>\n<\/div><\/div>\n","protected":false},"excerpt":{"rendered":"<p>\u00c7AYCILAR GIDA ve \u00c7AY SAN. A.\u015e. &nbsp; &nbsp; &nbsp; &nbsp; &nbsp; \u00c7ayc\u0131lar G\u0131da ve \u00c7ay San A.\u015e.&nbsp; 1985&nbsp; y\u0131l\u0131nda&nbsp; 17.000 [&hellip;]<\/p>\n","protected":false},"author":1,"featured_media":0,"parent":0,"menu_order":0,"comment_status":"closed","ping_status":"closed","template":"page-templates\/full-width.php","meta":[],"_links":{"self":[{"href":"https:\/\/www.caycilar.com.tr\/index.php\/wp-json\/wp\/v2\/pages\/17"}],"collection":[{"href":"https:\/\/www.caycilar.com.tr\/index.php\/wp-json\/wp\/v2\/pages"}],"about":[{"href":"https:\/\/www.caycilar.com.tr\/index.php\/wp-json\/wp\/v2\/types\/page"}],"author":[{"embeddable":true,"href":"https:\/\/www.caycilar.com.tr\/index.php\/wp-json\/wp\/v2\/users\/1"}],"replies":[{"embeddable":true,"href":"https:\/\/www.caycilar.com.tr\/index.php\/wp-json\/wp\/v2\/comments?post=17"}],"version-history":[{"count":5,"href":"https:\/\/www.caycilar.com.tr\/index.php\/wp-json\/wp\/v2\/pages\/17\/revisions"}],"predecessor-version":[{"id":1035,"href":"https:\/\/www.caycilar.com.tr\/index.php\/wp-json\/wp\/v2\/pages\/17\/revisions\/1035"}],"wp:attachment":[{"href":"https:\/\/www.caycilar.com.tr\/index.php\/wp-json\/wp\/v2\/media?parent=17"}],"curies":[{"name":"wp","href":"https:\/\/api.w.org\/{rel}","templated":true}]}}